mmon divisor of 33 and 1672.
11
What is the greatest common factor of 126 and 420?
42
What is the greatest common factor of 256 and 936?
8
Calculate the greatest common divisor of 5633 and 917.
131
What is the greatest common divisor of 294 and 28?
14
What is the highest common factor of 8 and 40?
8
What is the highest common divisor of 2432 and 128?
128
What is the highest common divisor of 721 and 7?
7
Calculate the highest common factor of 615 and 1353.
123
Calculate the highest common factor of 377 and 13.
13
Calculate the highest common divisor of 216 and 3.
3
What is the highest common factor of 651 and 21?
21
Calculate the highest common divisor of 38 and 494.
38
What is the greatest common divisor of 18114 and 6?
6
Calculate the highest common divisor of 66 and 24.
6
What is the greatest common factor of 30525 and 55?
55
Calculate the highest common divisor of 112 and 168.
56
Calculate the highest common divisor of 665 and 171.
19
Calculate the greatest common divisor of 375 and 275.
25
Calculate the highest common divisor of 12968 and 8.
8
Calculate the highest common divisor of 4615 and 71.
71
What is the greatest common divisor of 7298 and 328?
82
What is the highest common divisor of 126 and 16002?
126
What is the greatest common divisor of 112 and 308?
28
What is the greatest common divisor of 34 and 272?
34
What is the highest common divisor of 28 and 1134?
14
Calculate the greatest common divisor of 231 and 105.
21
Calculate the highest common factor of 524 and 12.
4
Calculate the greatest common divisor of 221 and 935.
17
What is the highest common divisor of 46 and 2185?
23
What is the greatest common factor of 1840 and 15824?
368
Calculate the greatest common divisor of 296 and 21386.
74
Calculate the greatest common divisor of 1089 and 297.
99
What is the highest common divisor of 104 and 86?
2
What is the highest common divisor of 25109 and 17?
17
What is the highest common factor of 32 and 1256?
8
Calculate the greatest common factor of 9615 and 15.
15
What is the highest common divisor of 2378 and 58?
58
Calculate the highest common factor of 302 and 4681.
151
Calculate the greatest common divisor of 902 and 77.
11
Calculate the highest common factor of 162 and 459.
27
What is the highest common divisor of 150 and 6100?
50
What is the highest common factor of 11 and 7051?
11
Calculate the highest common factor of 34470 and 6.
6
What is the greatest common divisor of 2438 and 212?
106
What is the highest common divisor of 82 and 1394?
82
What is the greatest common divisor of 77 and 506?
11
What is the highest common divisor of 606 and 126?
6
Calculate the greatest common divisor of 113 and 27.
1
Calculate the greatest common divisor of 365 and 145.
5
What is the greatest common factor of 408 and 153?
51
What is the highest common divisor of 8878 and 46?
46
What is the greatest common factor of 5872 and 16?
16
What is the highest common divisor of 60 and 60?
60
Calculate the highest common factor of 42 and 112.
14
Calculate the greatest common divisor of 65 and 195.
65
Calculate the highest common divisor of 6 and 42.
6
Calculate the highest common divisor of 451 and 1763.
41
Calculate the highest common factor of 2409 and 33.
33
What is the greatest common divisor of 608 and 32?
32
Calculate the greatest common factor of 27 and 2799.
9
Calculate the greatest common divisor of 7 and 31507.
7
Calculate the greatest common divisor of 140 and 5040.
140
Calculate the highest common factor of 38 and 57.
19
What is the highest common factor of 108 and 1056?
12
Calculate the highest common divisor of 363 and 6.
3
Calculate the greatest common divisor of 192 and 5248.
64
Calculate the highest common factor of 323 and 19.
19
What is the greatest common factor of 15 and 7815?
15
What is the greatest common factor of 28 and 5404?
28
What is the highest common divisor of 14 and 184?
2
What is the highest common divisor of 2 and 28?
2
What is the greatest common factor of 4 and 4868?
4
Calculate the highest common divisor of 1025 and 3895.
205
What is the greatest common factor of 583 and 121?
11
Calculate the greatest common divisor of 16 and 152.
8
What is the highest common divisor of 3193 and 248?
31
What is the greatest common divisor of 41 and 451?
41
Calculate the greatest common factor of 29 and 406.
29
What is the highest common divisor of 2665 and 52?
13
What is the highest common divisor of 416 and 32?
32
Calculate the highest common factor of 18 and 4608.
18
Calculate the greatest common factor of 42 and 1498.
14
What is the greatest common divisor of 826 and 1003?
59
What is the greatest common divisor of 18 and 2178?
18
Calculate the greatest common divisor of 6 and 12.
6
Calculate the highest common factor of 10 and 790.
10
Calculate the greatest common divisor of 11697 and 21.
21
Calculate the highest common divisor of 26 and 16.
2
What is the highest common divisor of 300 and 125?
25
Calculate the highest common divisor of 672 and 84.
84
Calculate the greatest common divisor of 380 and 100.
20
Calculate the highest common factor of 10 and 11440.
10
Calculate the highest common factor of 16 and 48.
16
What is the highest common divisor of 11 and 352?
11
Calculate the greatest common factor of 73 and 2117.
73
Calculate the greatest common factor of 28 and 4.
4
Calculate the greatest common divisor of 624 and 6162.
78
Calculate the highest common factor of 12376 and 280.
56
Calculate the highest common divisor of 93 and 16089.
93
Calculate the greatest common factor of 68 and 5372.
68
Calculate the greatest common divisor of 19 and 2071.
19
Calculate the highest common divisor of 46 and 6624.
46
Calculate the greatest common divisor of 18 and 1494.
18
Calculate the highest common divisor of 117 and 663.
39
Calculate the greatest common divisor of 10 and 1010.
10
What is the highest common factor of 151 and 1963?
151
Calculate the greatest common factor of 102 and 34.
34
Calculate the highest common divisor of 64 and 18464.
32
What is the greatest common divisor of 118 and 1534?
118
What is the highest common factor of 20595 and 15?
15
What is the greatest common divisor of 68 and 323?
17
What is the greatest common divisor of 93 and 20739?
93
What is the greatest common factor of 90 and 18?
18
What is the highest common factor of 582 and 6?
6
What is the greatest common divisor of 1924 and 148?
148
What is the greatest common factor of 1156 and 68?
68
What is the greatest common divisor of 35 and 945?
35
Calculate the highest common divisor of 12400 and 1200.
400
What is the greatest common divisor of 20881 and 19?
19
What is the highest common factor of 12767 and 136?
17
Calculate the greatest common divisor of 32810 and 17.
17
What is the greatest common divisor of 2196 and 427?
61
What is the greatest common divisor of 12 and 5286?
6
What is the greatest common divisor of 1712 and 64?
16
What is the highest common divisor of 41 and 1927?
41
What is the greatest common factor of 109 and 4?
1
What is the highest common factor of 1197 and 19?
19
Calculate the highest common divisor of 7038 and 204.
102
Calculate the greatest common factor of 536 and 8.
8
What is the greatest common divisor of 5984 and 154?
22
Calculate the greatest common factor of 19 and 817.
19
What is the highest common factor of 20 and 4?
4
Calculate the greatest common divisor of 1056 and 110.
22
Calculate the highest common factor of 68 and 1394.
34
What is the highest common divisor of 275 and 220?
55
What is the greatest common divisor of 1854 and 9?
9
Calculate the greatest common factor of 1113 and 21.
21
Calculate the greatest common divisor of 107 and 5778.
107
Calculate the greatest common divisor of 2061 and 9.
9
Calculate the highest common factor of 136 and 16524.
68
Calculate the highest common factor of 576 and 4.
4
What is the highest common factor of 187 and 77?
11
What is the greatest common divisor of 106 and 2?
2
Calculate the highest common divisor of 24 and 12.
12
Calculate the greatest common divisor of 98 and 42.
14
What is the greatest common divisor of 2024 and 99?
11
Calculate the greatest common divisor of 34 and 1241.
17
Calculate the greatest common factor of 8 and 624.
8
Calculate the greatest common divisor of 36 an